{"id":31924,"date":"2023-04-05T13:42:35","date_gmt":"2023-04-05T11:42:35","guid":{"rendered":"https:\/\/dk9hundsport.se\/?post_type=product&#038;p=31924"},"modified":"2023-04-05T13:42:36","modified_gmt":"2023-04-05T11:42:36","slug":"halvbollar","status":"publish","type":"product","link":"https:\/\/dk9hundsport.se\/index.php\/produkt\/halvbollar\/","title":{"rendered":"Halvbollar"},"content":{"rendered":"<p>Balansbollar som \u00e4r utm\u00e4rkta till att tr\u00e4na muskulaturen i hundens tassar. S\u00e4ljs i par.<\/p>\n","protected":false},"excerpt":{"rendered":"<p>Balansbollar som \u00e4r utm\u00e4rkta till att tr\u00e4na muskulaturen i hundens tassar. S\u00e4ljs i par.<\/p>\n","protected":false},"featured_media":31925,"comment_status":"open","ping_status":"closed","template":"","meta":{"neve_meta_sidebar":"","neve_meta_container":"","neve_meta_enable_content_width":"off","neve_meta_content_width":100,"neve_meta_title_alignment":"","neve_meta_author_avatar":"","neve_post_elements_order":"","neve_meta_disable_header":"","neve_meta_disable_footer":"","neve_meta_disable_title":""},"product_brand":[],"product_cat":[62],"product_tag":[64,65,63,66],"class_list":{"0":"post-31924","1":"product","2":"type-product","3":"status-publish","4":"has-post-thumbnail","6":"product_cat-traning","7":"product_tag-balansboll","8":"product_tag-fystraning","9":"product_tag-hundutrustning","10":"product_tag-traning","11":"product_shipping_class-normala-produkter","13":"first","14":"instock","15":"taxable","16":"shipping-taxable","17":"purchasable","18":"product-type-simple"},"_links":{"self":[{"href":"https:\/\/dk9hundsport.se\/index.php\/wp-json\/wp\/v2\/product\/31924","targetHints":{"allow":["GET"]}}],"collection":[{"href":"https:\/\/dk9hundsport.se\/index.php\/wp-json\/wp\/v2\/product"}],"about":[{"href":"https:\/\/dk9hundsport.se\/index.php\/wp-json\/wp\/v2\/types\/product"}],"replies":[{"embeddable":true,"href":"https:\/\/dk9hundsport.se\/index.php\/wp-json\/wp\/v2\/comments?post=31924"}],"wp:featuredmedia":[{"embeddable":true,"href":"https:\/\/dk9hundsport.se\/index.php\/wp-json\/wp\/v2\/media\/31925"}],"wp:attachment":[{"href":"https:\/\/dk9hundsport.se\/index.php\/wp-json\/wp\/v2\/media?parent=31924"}],"wp:term":[{"taxonomy":"product_brand","embeddable":true,"href":"https:\/\/dk9hundsport.se\/index.php\/wp-json\/wp\/v2\/product_brand?post=31924"},{"taxonomy":"product_cat","embeddable":true,"href":"https:\/\/dk9hundsport.se\/index.php\/wp-json\/wp\/v2\/product_cat?post=31924"},{"taxonomy":"product_tag","embeddable":true,"href":"https:\/\/dk9hundsport.se\/index.php\/wp-json\/wp\/v2\/product_tag?post=31924"}],"curies":[{"name":"wp","href":"https:\/\/api.w.org\/{rel}","templated":true}]}}