{"id":31897,"date":"2023-04-05T12:23:54","date_gmt":"2023-04-05T10:23:54","guid":{"rendered":"https:\/\/dk9hundsport.se\/?post_type=product&#038;p=31897"},"modified":"2024-12-04T17:04:29","modified_gmt":"2024-12-04T16:04:29","slug":"kostka-mushing-max-g6-sparkcykel-for-dragsport","status":"publish","type":"product","link":"https:\/\/dk9hundsport.se\/index.php\/produkt\/kostka-mushing-max-g6-sparkcykel-for-dragsport\/","title":{"rendered":"Kostka Mushing Max (g6) Sparkcykel f\u00f6r dragsport"},"content":{"rendered":"<p>En sparkcykel fr\u00e5n Kostka som \u00e4r perfekt f\u00f6r dig som vill k\u00f6ra barmarksdrag med din hund. Levereras tillsammans med cykelantenn f\u00f6r att h\u00e5lla draglinan borta fr\u00e5n framhjulet och en draglina med res\u00e5rdelar f\u00f6r en mjuk k\u00f6rning.<\/p>\n<p>Fj\u00e4dringen i framhjulet g\u00f6r att den h\u00e4r cykeln l\u00e4mpar sig bra f\u00f6r att k\u00f6ra p\u00e5 oj\u00e4mna underlag s\u00e5som grusv\u00e4g eller skogsstigar. Fj\u00e4dringen kan l\u00e5sas f\u00f6r att g\u00f6ra kraft\u00f6verf\u00f6ringen mer effektiv n\u00e4r man k\u00f6r p\u00e5 plant underlag.<\/p>\n<p>Skivbromsar som du kan lita p\u00e5 i alla v\u00e4der, p\u00e5 b\u00e5de bak- och framhjul.<\/p>\n<p>Ringklocka f\u00f6r att varna andra trafikanter f\u00f6r er framfart.<\/p>\n<p>Med stora hjul, 26 tum och 20 tum, f\u00f6r en bekv\u00e4m och s\u00e4ker k\u00f6rning.<\/p>\n","protected":false},"excerpt":{"rendered":"<p>Sparkcykel som \u00e4r anpassad f\u00f6r barmarksdrag med hund och funkar fint att k\u00f6ra \u00e4ven i oj\u00e4mn terr\u00e4ng s\u00e5som grusv\u00e4gar och skogsstigar. Levereras med cykelantenn och draglina.<\/p>\n","protected":false},"featured_media":31898,"comment_status":"open","ping_status":"closed","template":"","meta":{"neve_meta_sidebar":"","neve_meta_container":"","neve_meta_enable_content_width":"off","neve_meta_content_width":100,"neve_meta_title_alignment":"","neve_meta_author_avatar":"","neve_post_elements_order":"","neve_meta_disable_header":"","neve_meta_disable_footer":"","neve_meta_disable_title":""},"product_brand":[],"product_cat":[52],"product_tag":[56,54],"class_list":{"0":"post-31897","1":"product","2":"type-product","3":"status-publish","4":"has-post-thumbnail","6":"product_cat-dragsport","7":"product_tag-cykeldrag","8":"product_tag-dragsport","10":"first","11":"instock","12":"taxable","13":"shipping-taxable","14":"purchasable","15":"product-type-simple"},"_links":{"self":[{"href":"https:\/\/dk9hundsport.se\/index.php\/wp-json\/wp\/v2\/product\/31897","targetHints":{"allow":["GET"]}}],"collection":[{"href":"https:\/\/dk9hundsport.se\/index.php\/wp-json\/wp\/v2\/product"}],"about":[{"href":"https:\/\/dk9hundsport.se\/index.php\/wp-json\/wp\/v2\/types\/product"}],"replies":[{"embeddable":true,"href":"https:\/\/dk9hundsport.se\/index.php\/wp-json\/wp\/v2\/comments?post=31897"}],"wp:featuredmedia":[{"embeddable":true,"href":"https:\/\/dk9hundsport.se\/index.php\/wp-json\/wp\/v2\/media\/31898"}],"wp:attachment":[{"href":"https:\/\/dk9hundsport.se\/index.php\/wp-json\/wp\/v2\/media?parent=31897"}],"wp:term":[{"taxonomy":"product_brand","embeddable":true,"href":"https:\/\/dk9hundsport.se\/index.php\/wp-json\/wp\/v2\/product_brand?post=31897"},{"taxonomy":"product_cat","embeddable":true,"href":"https:\/\/dk9hundsport.se\/index.php\/wp-json\/wp\/v2\/product_cat?post=31897"},{"taxonomy":"product_tag","embeddable":true,"href":"https:\/\/dk9hundsport.se\/index.php\/wp-json\/wp\/v2\/product_tag?post=31897"}],"curies":[{"name":"wp","href":"https:\/\/api.w.org\/{rel}","templated":true}]}}