{"id":31819,"date":"2022-09-30T21:58:55","date_gmt":"2022-09-30T19:58:55","guid":{"rendered":"https:\/\/dk9hundsport.se\/?post_type=product&#038;p=31819"},"modified":"2023-04-05T10:57:20","modified_gmt":"2023-04-05T08:57:20","slug":"non-stop-trekking-belt","status":"publish","type":"product","link":"https:\/\/dk9hundsport.se\/index.php\/produkt\/non-stop-trekking-belt\/","title":{"rendered":"Non-stop Trekking belt"},"content":{"rendered":"<p>Non-stop dogwear Trekking Belt \u00e4r ett m\u00e5ngsidigt b\u00e4lte utvecklat f\u00f6r att f\u00f6rdela vikten \u00f6ver ett stort omr\u00e5de och \u00e4r skonsamt mot ryggen. N\u00e4r du anv\u00e4nder Trekking Belt kan du ha h\u00e4nderna fria medan din hund ger dig draghj\u00e4lp. F\u00e4st kopplet enkelt p\u00e5 kroken. B\u00e4ltet finns i tv\u00e5 storlekar och kan justeras runt h\u00f6fterna och benen. Benstropparna kan tas bort.<br \/>\nB\u00e4ltet finns i bl\u00e5tt och lila. Reflekterande detaljer ger b\u00e4ttre synlighet.<\/p>\n","protected":false},"excerpt":{"rendered":"<p>B\u00e4lte f\u00f6r hundpromenad eller canicross.<\/p>\n","protected":false},"featured_media":31820,"comment_status":"open","ping_status":"closed","template":"","meta":{"neve_meta_sidebar":"","neve_meta_container":"","neve_meta_enable_content_width":"off","neve_meta_content_width":100,"neve_meta_title_alignment":"","neve_meta_author_avatar":"","neve_post_elements_order":"","neve_meta_disable_header":"","neve_meta_disable_footer":"","neve_meta_disable_title":""},"product_brand":[],"product_cat":[52],"product_tag":[57,55,54,58],"class_list":{"0":"post-31819","1":"product","2":"type-product","3":"status-publish","4":"has-post-thumbnail","6":"product_cat-dragsport","7":"product_tag-balte","8":"product_tag-canicross","9":"product_tag-dragsport","10":"product_tag-promenad","11":"product_shipping_class-normala-produkter","13":"first","14":"instock","15":"taxable","16":"shipping-taxable","17":"purchasable","18":"product-type-simple"},"_links":{"self":[{"href":"https:\/\/dk9hundsport.se\/index.php\/wp-json\/wp\/v2\/product\/31819","targetHints":{"allow":["GET"]}}],"collection":[{"href":"https:\/\/dk9hundsport.se\/index.php\/wp-json\/wp\/v2\/product"}],"about":[{"href":"https:\/\/dk9hundsport.se\/index.php\/wp-json\/wp\/v2\/types\/product"}],"replies":[{"embeddable":true,"href":"https:\/\/dk9hundsport.se\/index.php\/wp-json\/wp\/v2\/comments?post=31819"}],"wp:featuredmedia":[{"embeddable":true,"href":"https:\/\/dk9hundsport.se\/index.php\/wp-json\/wp\/v2\/media\/31820"}],"wp:attachment":[{"href":"https:\/\/dk9hundsport.se\/index.php\/wp-json\/wp\/v2\/media?parent=31819"}],"wp:term":[{"taxonomy":"product_brand","embeddable":true,"href":"https:\/\/dk9hundsport.se\/index.php\/wp-json\/wp\/v2\/product_brand?post=31819"},{"taxonomy":"product_cat","embeddable":true,"href":"https:\/\/dk9hundsport.se\/index.php\/wp-json\/wp\/v2\/product_cat?post=31819"},{"taxonomy":"product_tag","embeddable":true,"href":"https:\/\/dk9hundsport.se\/index.php\/wp-json\/wp\/v2\/product_tag?post=31819"}],"curies":[{"name":"wp","href":"https:\/\/api.w.org\/{rel}","templated":true}]}}