{"id":31801,"date":"2022-09-22T19:39:56","date_gmt":"2022-09-22T17:39:56","guid":{"rendered":"https:\/\/dk9hundsport.se\/?post_type=product&#038;p=31801"},"modified":"2023-04-05T10:58:49","modified_gmt":"2023-04-05T08:58:49","slug":"hydrolat-eukalyptus-10-ml","status":"publish","type":"product","link":"https:\/\/dk9hundsport.se\/index.php\/produkt\/hydrolat-eukalyptus-10-ml\/","title":{"rendered":"Hydrolat &#8211; eukalyptus 10 ml"},"content":{"rendered":"<p>Hydrolat f\u00f6r nosework. Levereras i liten flaska med pipett i locket f\u00f6r att droppa v\u00e4tskan.<\/p>\n","protected":false},"excerpt":{"rendered":"<p>Hydrolat f\u00f6r nosework.<\/p>\n","protected":false},"featured_media":31818,"comment_status":"open","ping_status":"closed","template":"","meta":{"neve_meta_sidebar":"","neve_meta_container":"","neve_meta_enable_content_width":"","neve_meta_content_width":0,"neve_meta_title_alignment":"","neve_meta_author_avatar":"","neve_post_elements_order":"","neve_meta_disable_header":"","neve_meta_disable_footer":"","neve_meta_disable_title":""},"product_brand":[],"product_cat":[17],"product_tag":[49,51,50],"class_list":{"0":"post-31801","1":"product","2":"type-product","3":"status-publish","4":"has-post-thumbnail","6":"product_cat-nosework-specialsok","7":"product_tag-doftamne","8":"product_tag-eukalyptus","9":"product_tag-hydrolat","10":"product_shipping_class-normala-produkter","12":"first","13":"instock","14":"taxable","15":"shipping-taxable","16":"purchasable","17":"product-type-simple"},"_links":{"self":[{"href":"https:\/\/dk9hundsport.se\/index.php\/wp-json\/wp\/v2\/product\/31801","targetHints":{"allow":["GET"]}}],"collection":[{"href":"https:\/\/dk9hundsport.se\/index.php\/wp-json\/wp\/v2\/product"}],"about":[{"href":"https:\/\/dk9hundsport.se\/index.php\/wp-json\/wp\/v2\/types\/product"}],"replies":[{"embeddable":true,"href":"https:\/\/dk9hundsport.se\/index.php\/wp-json\/wp\/v2\/comments?post=31801"}],"wp:featuredmedia":[{"embeddable":true,"href":"https:\/\/dk9hundsport.se\/index.php\/wp-json\/wp\/v2\/media\/31818"}],"wp:attachment":[{"href":"https:\/\/dk9hundsport.se\/index.php\/wp-json\/wp\/v2\/media?parent=31801"}],"wp:term":[{"taxonomy":"product_brand","embeddable":true,"href":"https:\/\/dk9hundsport.se\/index.php\/wp-json\/wp\/v2\/product_brand?post=31801"},{"taxonomy":"product_cat","embeddable":true,"href":"https:\/\/dk9hundsport.se\/index.php\/wp-json\/wp\/v2\/product_cat?post=31801"},{"taxonomy":"product_tag","embeddable":true,"href":"https:\/\/dk9hundsport.se\/index.php\/wp-json\/wp\/v2\/product_tag?post=31801"}],"curies":[{"name":"wp","href":"https:\/\/api.w.org\/{rel}","templated":true}]}}